 + 47 = 3*r - 7. Let k = 23 - r. Let t(f) = -7*f + 2. Determine t(k).
-12
Suppose -g - 3 + 5 = 0, 4*t + 3*g = 30. Let o(z) be the first derivative of z**3/3 - 3*z**2 + 14. What is o(t)?
0
Let u(t) = 3*t - 76. Let n be u(27). Let b(i) = i - 10. What is b(n)?
-5
Let x(h) = -h**2 - 12*h - 28. Let d be x(-4). Let r(k) = -42 - 39*k + 40 + 38*k. Calculate r(d).
-6
Suppose 0 = -11*r - 14 + 69. Let h(u) = u**2 - u. Let z be h(2). Let b(i) = 5*i - 4*i**z + 1 - i**2 + i**2 + 3*i**2. What is b(r)?
1
Let c(n) be the first derivative of n**4/4 + 8*n**3/3 + 4*n**2 + 6*n - 22. Calculate c(-7).
-1
Let h(u) = u**2 - 5*u + 7. Let i be 6*(4/(-10) + (-36)/(-40)). Suppose 30 = -3*j + 7*j - i*s, -j - 3*s = 0. Calculate h(j).
13
Let c(a) = -40 + 26 - a + 0*a + 14. What is c(-1)?
1
Let v(s) = -s**2 + s - 2. Let p be 0 - ((-105)/(-5))/(-3) - 5. Determine v(p).
-4
Let m(y) = 15. Let l(w) = 1. Let n(j) = 6. Let u(x) = 5*l(x) - n(x). Let t(i) = -4*m(i) - 55*u(i). Let r(g) = g + 1. Let z(a) = 2*r(a) + t(a). Determine z(4).
5
Let a(d) = 2*d + 18. Let y be a(-8). Let k(c) = c**3 - c + 2. Give k(y).
8
Let j be 21/(-6)*(1 + 1). Let z(r) be the first derivative of r**3/3 + 7*r**2/2 - r + 286. Determine z(j).
-1
Let z(c) = -6*c - 14. Let u(d) = -8*d - 13. Let b(m) = -2*u(m) + 3*z(m). Give b(-7).
-2
Suppose -8 = 6*j - 10*j. Suppose j*i - 7 = -3. Let u = i - 3. Let q(w) = 2*w**3 - w. Calculate q(u).
-1
Let u(a) = -1. Let g(i) = 13*i**2 - i + 26. Let c(r) = g(r) - 6*u(r). Let d(t) be the first derivative of c(t). What is d(1)?
25
Let q(x) = 120*x - 6 - 124*x + 2 + x**2. Let y be 36/15 - (-2)/(-5). Let f be 1/y*(-4 + 16). Calculate q(f).
8
Suppose -6 = -0*k - 2*k. Let b(l) = -3*l + k*l - l + 9 - 11. Give b(-7).
5
Let p(y) = 5*y - 3 + 0*y**2 + 4*y**2 + 9*y**2 - y**2 - 13*y**2. Give p(4).
1
Let k(w) = -w**3 - 7*w**2 - 5*w + 6. Suppose 116 - 122 = r. Calculate k(r).
0
Let b = -7 - -14. Suppose 24 = b*i - 4*i. Let r = i + -1. Let u(j) = -j**3 + 7*j**2 - j + 9. Give u(r).
2
Let p(a) be the first derivative of a**4/2 + 17*a**3/3 + 5*a**2 + 10*a + 149. Give p(-8).
-6
Let t(c) = -7*c**3 + 26*c**2 - 13*c - 7. Let x(s) = -s**3 + s**2 + s. Let f(q) = -t(q) + 6*x(q). Determine f(19).
7
Let c(h) = -h**3 - 13*h**2 + 14*h + 8. Let m be c(-14). Suppose 0 = x + 1, -6*x - 6 = -4*z - m*x. Let n(o) = -o**3 - 2*o**2 + o. Calculate n(z).
-14
Let x(t) = 6. Let k(i) = -i + 2. Let w(d) = 2*k(d) - x(d). Let l = -8 + 2. Give w(l).
10
Let b be (8/(-6))/((-4)/6). Let n(p) = -5 + 2 + 2*p + 0*p - p**b + 6*p. Give n(4).
13
Let g = -32 - -81. Let w be (12/14)/((-7)/g). Let d(r) = 4 + 0*r**2 - 6*r - 1 - r**2. What is d(w)?
3
Let b(q) be the second derivative of 0 - 4/3*q**3 - 1/12*q**4 - 3/2*q**2 - 7*q. Give b(-8).
-3
Suppose 3*v = -2*g + 14, -18 = -2*g - 0*g - v. Suppose -2*c - g + 78 = 0. Let o = c - 29. Let j(s) = -s**3 + 5*s**2 - 2*s - 6. Give j(o).
-16
Let h(m) = 2*m**2 + 3*m - 16*m + 3*m + m**3 - 5. Let l be h(-4). Let z(s) = 5 - s**2 + 7 - s**l - 6*s**2 - 5. Determine z(-7).
7
Suppose -114*o + 137*o - 207 = 0. Let u(t) = -t**3 + 8*t**2 + 7*t + 12. Give u(o).
-6
Let q(c) = -9 + 1 - 1508*c**2 - 6*c + 1507*c**2. Determine q(-7).
-15
Let o(k) = 4*k**2 - 2*k**2 - 15*k + 34*k - 1 - 3*k**2 - 31*k. Give o(-8).
31
Let c = -1 - -3. Let x(f) be the second derivative of 0*f**c + 1/20*f**5 + 0 + 1/6*f**4 + 0*f**3 - 5*f. What is x(-2)?
0
Let n(g) = -g**2 + g + 5. Suppose -4*s + 50 = 5*c, 0 = 3*c - s - 2*s - 30. Suppose 5*u - c = -0. Suppose 5*y + u*l = -l + 6, 5*y = 5*l - 10. Calculate n(y).
5
Let r(t) = -t + 5. Let v(q) = 2. Let a(x) = r(x) + v(x). Let w(u) = 2*u - 7. Let k be w(5). Give a(k).
4
Let q(b) = -b - 7. Let p = -14 + 50. Suppose 7*k + p = 4*k. Let v = k + 5. What is q(v)?
0
Let w(r) be the third derivative of 0 - 1/60*r**5 - 3*r**2 + 0*r + 1/120*r**6 + 1/3*r**3 - 5/24*r**4. Let c be 0 + 12/(-8)*-2. Calculate w(c).
5
Let l(p) = 3*p + 19. Let d(h) = h + 6. Let o be (-8)/14 - (-75)/21. Suppose -2*a - o*f - 36 = 2*f, -4*f - 16 = 0. Let q(k) = a*d(k) + 3*l(k). What is q(-6)?
3
Let y(p) be the second derivative of -2/3*p**3 - 2*p**2 - 1/24*p**4 + 0 + 2*p. Let b(s) be the first derivative of y(s). Determine b(-4).
0
Let u = 2 - 0. Let g(l) = l. Let n(k) = 7*k - 3. Let v(h) = 6*g(h) + n(h). Calculate v(u).
23
Let m(w) = -2*w**2 - w - 6. Suppose 4*v - 3*v + 5*d - 19 = 0, -16 = -4*d. Let z(f) = -f**2 - f + 1. Let x(q) = v*m(q) - 3*z(q). What is x(-2)?
15
Let z(a) = 7*a**2 + 14*a + 16. Let o(t) = -t**2 - t - 2. Let g(u) = 6*o(u) + z(u). Calculate g(-8).
4
Let q(n) = -n**3 - 2*n**2 - n. Let p be q(-2). Let m = -17 - -25. Let y(k) = m*k + 2 - 13*k + 1. What is y(p)?
-7
Let d(i) = -i**2 - 10*i - 9. Let s be d(-8). Let b(p) = -4*p - s*p - 7*p + 3 + 14*p. Give b(3).
-9
Let q be -2*4/12*-9. Let m = 21 - q. Let y be 10/m + (-22)/6. Let u(v) = v**3 + 2*v**2 + v + 3. Give u(y).
-9
Let h(p) = 3*p**2 - 2*p. Let m be h(2). Let c(g) be the first derivative of g**4/4 - 8*g**3/3 - 6*g - 7085. What is c(m)?
-6
Suppose 4 + 4 = 3*n - 2*w, -3*w = -3*n + 12. Suppose -2*v - 5*c = -n*c + 27, -5 = c. Let x be -4 - v - 0 - 1. Let a(y) = y. Determine a(x).
-4
Let i(x) = -x**2 + 4*x - 3. Let c be i(3). Let w be (30/(-12))/(5/(-16)). Let o = w - c. Let n(r) = -r**2 + 10*r - 7. What is n(o)?
9
Let n(x) = 20*x**2 + 8*x - 11. Let w(j) = 11*j**2 + 4*j - 6. Let d(a) = -6*n(a) + 11*w(a). Calculate d(5).
5
Let d(a) = -3*a**2 - 5*a - 6. Let v(z) = z + 1. Let p(w) = -d(w) - 4*v(w). Let m = 1270 - 1272. Calculate p(m).
12
Let t(f) = -8 + 6*f - 3*f - 2*f + 0*f. Give t(2).
-6
Let l be (2*2/14)/(59/413). Let h(i) = -4*i**2 - 2. Calculate h(l).
-18
Let f(m) = -m**2 - m + 8. Let q be f(0). Let s be (12/(-10))/(q/(-20)). Let r(a) = -11*a + 11*a + s*a**2. Give r(1).
3
Let t(p) = -p - p + 3*p + 6. Let x(v) = v**2 + 5*v - 1. Suppose 8 = -j + 4. Let c be x(j). Calculate t(c).
1
Let h = 5 + -9. Let t(n) = n**2 - 33*n - 3. Let b(j) be the first derivative of 4*j**2 + j + 9. Let v(r) = -9*b(r) - 2*t(r). Calculate v(h).
-11
Let y(z) = 3*z**2 - 44132 + 44143 - 2*z**2 - 9*z. Calculate y(7).
-3
Let b(m) be the second derivative of -m**5/20 - 5*m**4/12 + 4*m**3/3 - 5*m**2/2 - 8*m - 13. Let c = 5 + -11. Calculate b(c).
-17
Suppose -v - 14 = -11. Let w(g) = 4*g + 3. Let z(r) = 2 - 4 - 5*r - 1. Let y(b) = -6*w(b) - 5*z(b). Give y(v).
-6
Suppose -4*x - 53 = 5*t, -x + 6*t - 32 = 11*t. Let y(m) = m**3 + 8*m**2 + 10*m + 4. Determine y(x).
-17
Let h(f) = f**2 + 346*f - 340*f - 1 + 2 + 3. Let m(a) = a**2 - 8*a - 5. Let c be m(8). What is h(c)?
-1
Let v(r) = -3*r + 2. Let t be 14/4 - 108/72. Give v(t).
-4
Let c(k) = -6*k - 5 - 8 - 8*k + 3*k + 12. Determine c(2).
-23
Let o(u) = u + 7. Let p(h) = -h**3 + 11*h**2 - 25*h - 5. Let x be p(8). Give o(x).
-6
Let t be 79800/13395 - (-4)/94. Let w(u) = -4*u + 34. Determine w(t).
10
Let y(l) = 4*l**2 + 4*l + 3. Let s be y(-1). Let k(n) = 3*n**2 + n**3 - 2*n**3 + 3 + 0*n**3. Calculate k(s).
3
Suppose y + 2*h = -1, -h - 8 = 4*y - 5*y. Let o(a) = -a**2 + 6*a - 1. Determine o(y).
4
Let q = -14 - -8. Let j(u) = 3*u**2 - 4*u**2 - 5*u + 1 + 2. What is j(q)?
-3
Let u(h) = -h**2 + 3*h + 2. Suppose 15*v + 179 + 5341 = 0. Let b be v/(-60) - -5*(-4)/150. Give u(b).
-16
Let u(c) = c**3 + 5*c**2 - 6. Let a(b) = 3*b**2 - 19*b - 17. Let n be a(7). Suppose 0 = 4*i - 4*q, -i - 3*q - 6 - 2 = 0. Let v = i + n. Determine u(v).
-6
Let p(f) = 4 - f - 4 - 7. Let t(r) = -6*r - 41. Let x = 51 - 85. Let y(d) = x*p(d) + 6*t(d). Calculate y(-6).
4
Let n(o) be the third derivative of -o**8/6720 + o**6/360 - o**5/120 + o**4/12 - 8*o**2. Let c(m) be the second derivative of n(m). Calculate c(1).
0
Let b(n) = n**2 - 26. Let y = 12 - 12. Give b(y).
-26
Let d(f) be the second derivative of -f**4/12 - 2*f**3/3 - 5*f**2/2 + 294*f. Calculate d(-4).
-5
Let f(m) be the third derivative of m**6/120 + m**5/40 + m**4/8 + 11*m**3/6 - 8*m**2. Let v(p) be the first derivative of f(p). Give v(-2).
9
Let s be ((-5)/(-2))/(2/4). Let q(p) = -5 - s + 6 - p. What is q(0)?
-4
Let p(f) = -f + f**3 + 40 - 15 - 16. Suppose 3*s = 4*h + 18, h = -2*h. Suppose 4*x = s*x. Give p(x).
9
Let b(j) = -j**2 - 5*j + 1. Let q(g) = g**2 - 2*g - 3. Let l(s) = -b(s) + q(s). Calculate l(-3).
5
Let u(d) = 14*d**3 + 2*d**2 + 3*d + 2. Let s be (10/50)/(3/(-15)). What is u(s)?
-13
Let s(c) = 9*c**2 - 2*c**3 + 0*c**3